 20 = 2*o - 6, 0 = -5*o - 3*h + 30. Let z(c) = -1 - 7*c + c - 7*c**o + 5*c. What is z(-1)?
7
Let u(y) = y**2 - 15*y + 16. Let s be u(14). Let o(n) be the first derivative of 1 + 0*n - 5/2*n**s. Determine o(1).
-5
Let q(y) = 1 + 0*y + 5*y**3 + y**2 + 2*y - 2*y**3. Suppose 0*n = 3*n - 9. Suppose n*v - 7 = -5*a, 0*a + 7 = v + 4*a. Determine q(v).
-3
Suppose 8*j + 20 = -4. Let b be 1/(-4) - (-1)/4. Let p(v) = 3*v + v**3 - 3 + 4*v**2 + 0*v + b*v**2. Calculate p(j).
-3
Let y(g) = g + 6. Let s(f) = 3. Let w(k) = -7*s(k) + 3*y(k). Let m(b) = -b - 5. Let c be m(-8). Calculate w(c).
6
Let h(r) = 4*r - 1. Let x(j) = j**3 - 7*j**2 - 9*j + 10. Suppose b + 15 = 2*o, 0*o - 3*b - 5 = -o. Let a be x(o). Suppose a = y - 0. Give h(y).
7
Suppose -r - 2 + 0 = 0. Let a be ((1 - 2) + 1)/r. Let p(h) = -h**2 - 3. Calculate p(a).
-3
Let g be (6/(-9))/((-2)/6). Suppose s = -0 + g. Let p(y) = y**3 + 5*y**2 - 5*y - 3*y**2 + 4*y - 3*y**s. Calculate p(2).
2
Suppose 0 = 2*i - 0*i - 8. Let x(r) be the third derivative of 0 - 3*r**2 - 7/24*r**4 + 2/3*r**3 + 0*r - 1/120*r**6 + 1/12*r**5. What is x(i)?
-8
Let b(r) = -38 + 27 - r + 17. Calculate b(5).
1
Let k(x) = -x**2 + 10*x - 8. Let i(c) = c**2 + 6*c - 10. Let y be i(-8). What is k(y)?
16
Let y(b) be the third derivative of -b**6/120 + b**5/20 - b**4/24 - b**3/2 - 32*b**2. What is y(3)?
-6
Let b(w) be the second derivative of w**5/120 + w**4/24 + w**3/6 + 3*w. Let z(d) be the second derivative of b(d). Let g = -3 + 2. What is z(g)?
0
Let g(s) = -s**3 + s + 2. Let w be g(0). Suppose w*z = 2*l - 6, l - 3*z - 2 = -z. Let i(p) = -5*p - 2*p**2 + 2 - l + 3*p**2. What is i(3)?
-8
Let r(j) = j**2 - 5*j - 9. Let k(g) = g**3 - 3*g**2 - 2*g - 1. Let v be k(4). Give r(v).
5
Let c(a) = 3*a - 3. Suppose 0 = 3*r - r - 8, 2*s - 24 = -5*r. Give c(s).
3
Let k(m) = -m**3 - m - 14. Suppose 2*b + 18*n = 23*n - 15, -4*n + 12 = -2*b. Give k(b).
-14
Suppose -4*y - 3*g = -14, -2*g - 4 = 2*y - 6*g. Let f(x) = -x**2 - 2*x. Give f(y).
-8
Suppose -4*v - 8 = -4. Let y(p) = 3*p**2 - p - 1. Give y(v).
3
Let p(j) = 9 - j + 4*j + 2*j - 4*j. What is p(-8)?
1
Let v(q) = -q - 3. Let n = 3 + -9. What is v(n)?
3
Let z be 5*3/(2 - -1). Suppose -z*h = -5*d + 10, 0 = 3*d + 5*h - 3 + 5. Let k(u) = 4*u**3 - u. Calculate k(d).
3
Let j(o) be the third derivative of -o**5/30 - o**4/4 - o**3/3 + 20*o**2. Give j(-4).
-10
Let f(w) = w**2 - 4*w. Let p be f(4). Let b(t) be the second derivative of -1/12*t**4 + 1/2*t**2 - t - 1/6*t**3 + 0. Determine b(p).
1
Let j(h) = 4*h - h + h**2 - 4*h + 1 - 3. Determine j(2).
0
Suppose 0*q + 3*q - 6 = 0. Let g(z) = 2*z - 1. Determine g(q).
3
Let c(i) = 1 + 3*i**2 - 2*i - 2 - 5*i**2 + 3*i**2. Calculate c(3).
2
Let b(o) be the second derivative of 11*o**3/6 + 3*o**2/2 + 21*o. What is b(-2)?
-19
Let y(q) be the second derivative of -q**3/6 - 4*q**2 - q. Let n(s) = s**2 - 2*s - 11. Let t be n(6). Let p = t + -17. Give y(p).
-4
Suppose -g - 2*g + 6 = 0. Let o(h) be the first derivative of -h**2/2 - 2*h + 1. Determine o(g).
-4
Let y = 19 - 15. Let d(o) be the first derivative of 0*o**2 - o + 1/4*o**y - 2*o**3 - 3. Determine d(6).
-1
Let l(f) = -f**2 - 6*f - 1. Let a be l(-7). Let t = a - -2. Let q(c) = -c + 5. What is q(t)?
11
Suppose 4*t + 10 = -50. Let a be 10/t - (-16)/6. Let f(u) = 3*u - 3*u**a + u**3 + 2 - 3*u + 4*u**2. Give f(-2).
-2
Suppose -x + 19 - 22 = 0. Let m(p) = -p**3 - 4*p**2 - 2*p + 1. What is m(x)?
-2
Suppose 0 = -g + 6*g - 10. Let t(l) = -l - 2. Give t(g).
-4
Suppose 0 = 2*x - 4*j + 4, 2*x = -j + 3 + 18. Let y(s) = x + 4 + s - 2*s - 1. Calculate y(6).
5
Let j(n) = -n + 8 - 13 - 4*n**2 - n**3 + 6 + 1. Give j(-3).
-4
Let i be 34/(-9) + (-2)/9. Suppose -2*y = -0*y + 6. Let n = i - y. Let a(l) = 3*l**2 - l. Calculate a(n).
4
Let u(f) be the second derivative of -f**5/20 + f**4/6 + 2*f**3/3 + f**2/2 - f. Let x be u(3). Let c(i) = 2 + x*i - i + 0*i. Determine c(-2).
-4
Let o(f) = f**2 + 2*f - 2 + f - 6*f. Calculate o(4).
2
Suppose -c - c = -d - 8, -5*d = -4*c + 10. Let r be 4 - (1 + d + -2). Let i(b) be the first derivative of b**2 - b - 2. Calculate i(r).
5
Let a(n) = 8*n**2 - n - 1. Suppose -2*r + 4*r = -5*u - 1, 7 = 3*u + 5*r. Determine a(u).
8
Let i(d) = 2*d + 3. Let v = -32 + 11. Let q be 6/v + (-258)/(-21). Suppose h + q = -2*h. Calculate i(h).
-5
Let b(q) = -q**2 + 4*q + 6. Let a = -13 + 18. What is b(a)?
1
Let o(v) be the first derivative of v**3/3 + 5*v**2/2 + 7*v - 1. Let c(x) = 4*x + 0*x**2 + x**2 - 10 - 2*x**2 + 2*x**2. Let w be c(-5). What is o(w)?
7
Let n be ((-875)/42)/(-5) + (-1)/6. Let c(l) = 2*l**2 - 3*l - 3. Give c(n).
17
Let s(w) = 2*w. Suppose -3*m + 6*m - 33 = 0. Let d be (-4)/22 + 13/m. Determine s(d).
2
Let r(h) = h**2 - 7*h + 4. Let z be -2 + -7*(0/4 + -1). What is r(z)?
-6
Let c be 0 - (-9)/(-6)*-2. Let h(l) be the third derivative of -2*l**2 - 1/6*l**c + 0 + 0*l + 1/8*l**4 + 1/60*l**5. Calculate h(-3).
-1
Let v(k) be the second derivative of -k**4/12 - 7*k**3/6 + k**2 + 66*k. Suppose g - 21 = 4*g. Give v(g).
2
Suppose 0 = z + 12 - 8. Let q(c) = -c**3 - 3*c**2 + 4*c. What is q(z)?
0
Suppose 3*k = -4*q + 26, -3*k = -3*q + 7 - 19. Let v(w) = 0 + 0 - 1 - 3*w + 6. What is v(k)?
-13
Let m(b) = 2*b**3 + 4*b**2 + 4*b + 3. Suppose 3*o = -8 + 2. Calculate m(o).
-5
Let x(p) = 2 - 2 - p**2 + 5 - 5*p. What is x(-5)?
5
Let u(r) = -r**3 - 7*r**2 - 7*r - 8. Let y be u(-6). Let h be 3/y*12/(-9). Let j(x) = 3*x**3 - h*x**2 - x - 6 - 4*x**3 + x**2 - 1. What is j(0)?
-7
Suppose 5*x = -32 + 7. Let r be (-4 - 0)/(4/(-6)). Let j(c) = -c - 10. Let s(l) = -l - 11. Let f(n) = r*j(n) - 5*s(n). What is f(x)?
0
Let s(b) = b + 3. Let w be s(-4). Let z(g) = -5*g**3 + 13*g**2 - g + 2. Let p(t) = -t**3 + t**2 - t + 1. Let m(k) = w*z(k) + 6*p(k). Calculate m(-6).
-2
Let i(h) = -h**3 - 5*h**2 + 8*h + 3. Suppose -3*v + 2 = -10. Let k be 1/(-2) - 22/v. What is i(k)?
-9
Let y(n) = -n**2 - 11*n - 9. Let c(p) = -6*p - 5. Let a(t) = 11*c(t) - 6*y(t). Let z be 4*(-1 - 1 - 0). Let q be -3 + -5*z/20. Calculate a(q).
5
Let c(l) = 3*l**3 - 9*l**2 + 8. Let q(o) = 2*o**3 - o**2 + o + 1. Let r(k) = -c(k) + 2*q(k). Determine r(-6).
18
Let n(o) = o**3 + 3*o**2 + o - 2. Let r be n(-2). Let k(y) = -y + 8. What is k(r)?
8
Let k(h) = h**2 - 6*h + 6. Let u = 85 - 81. What is k(u)?
-2
Let i(m) = 2*m - 1. Suppose 0 = -3*h - k + 13, -4*k + 2*k = -3*h + 19. Calculate i(h).
9
Let s(x) = -14*x + 0 - 19*x - 3 + 34*x. Calculate s(-3).
-6
Let v(d) = d**2 - 6*d + 3. Suppose 4*b + 4*f = -f, 0 = 5*b + f. Suppose 0 = 4*i - 0*h + 5*h + 2, 2*i - 3*h - 10 = b. Suppose -o = -i*o + 2. Give v(o).
-5
Let o = -10 - -2. Let l(k) = k**2 + 9*k + 12. Let a be l(o). Let n(g) = g**3 - a + 3*g - g**2 + 6*g**2 - 1. Give n(-4).
-1
Let t(v) = -v + 1. Let x(s) = -36*s**2 + 1. Let b be x(1). Let z be (2/(-5))/(14/b). What is t(z)?
0
Let g(h) = h**2 - 5*h + 1. Let j = 34 - 30. Give g(j).
-3
Let q(n) = 2*n - 1. Suppose -3*m - 19 = -s, -2*s + 25 = 3*s - m. Suppose s*z - 4*u - 5 - 11 = 0, 3*z = -4*u + 12. Determine q(z).
7
Suppose -3*j - 5 = s, 2*j + 2*j + 8 = -s. Let q(i) = 9*i**2 - 4*i + 1. Let z(p) = -19*p**2 + 9*p - 2. Let f(k) = j*z(k) - 7*q(k). What is f(1)?
-6
Let t be (-1)/(-4) - (-23)/4. Suppose -l = -2*l + t. Let a(h) = -l*h - 2*h + 4*h. Give a(-1).
4
Let o = -2 + 1. Let m(a) = -3*a**3 - 7*a**2 - 7*a + 5. Let s(z) = -z**3 - 4*z**2 - 4*z + 3. Let w = -2 - -9. Let f(c) = w*s(c) - 4*m(c). Give f(o).
-4
Let f(w) = 5*w**2 - 4*w + 4. Let i(t) = 4*t**2 - 4*t + 3. Let g(j) = -5*f(j) + 6*i(j). Calculate g(-3).
1
Let d(k) = -k - 6. Let u be d(-8). Suppose -u*f = -2*i - 6*f + 12, -3*f + 6 = 0. Let c(w) = -5*w - 6 + i + 2*w. Give c(-3).
5
Suppose -18*f + 21*f - 12 = 0. Let n(o) = o**3 - 3*o**2 - 5*o + 1. Determine n(f).
-3
Let q(s) = -2*s + s + 3*s**2 - 5*s**2 + 1. Calculate q(-2).
-5
Let q(h) = -h**2 + 3*h + 4. Let o = 13 + -9. Let y(g) = g**3 - 4*g**2 + g + 1. Let x be y(o). Let i be x/(-1 + 2 + 0). Calculate q(i).
-6
Let z(g) be the first derivative of -g**4/4 - g**3/3 + g**2 + g - 5. Let h(t) = 2*t + 5. Let q be h(-5). Let n = q - -3. Give z(n).
1
Suppose 3*d - 4 = d. Let b be (0 + -1)*d + -3. Let g(w) = 4*w - 2 - 2*w**2 - w**3 + 0*w - 2*w**2. Determine g(b).
3
Let m(z) = -2*z**3 + z**2 + 1. Let x be m(2). Let i(h) = -5*h**2 + h + 9. Let a(c) = -12 + 9*c**2 + 6 - c - 11. Let p(w) = x*i(w) - 6*